alse
Does 38 divide 155648?
True
Is 876377622 a multiple of 5950?
False
Is 66961980 a multiple of 3324?
True
Is 74 a factor of 1088310227?
False
Is 955323925 a multiple of 8275?
True
Is 11 a factor of 482763?
False
Is 46474706 a multiple of 1007?
False
Is 244324904 a multiple of 3597?
False
Does 75 divide 1271649353?
False
Does 16 divide 1095252960?
True
Is 8109558 a multiple of 339?
True
Is 268 a factor of 4451348?
False
Is 62 a factor of 24893307?
False
Is 23 a factor of 1781466?
False
Is 251415704 a multiple of 266?
False
Is 1574523380 a multiple of 3580?
True
Does 816 divide 154603440?
True
Is 1125 a factor of 1111340250?
True
Is 4 a factor of 1354117?
False
Is 3864298080 a multiple of 368?
True
Does 40 divide 3199542880?
True
Is 679391695 a multiple of 6834?
False
Is 10 a factor of 7000420?
True
Is 11 a factor of 33701340?
False
Is 44295725 a multiple of 18?
False
Is 3653345647 a multiple of 52?
False
Is 67 a factor of 107851475?
False
Is 2619 a factor of 132585882?
False
Does 3 divide 214136928?
True
Is 378 a factor of 38625174?
True
Is 24 a factor of 4254089?
False
Does 10 divide 353267251?
False
Does 109 divide 451777641?
True
Does 234 divide 7284887?
False
Is 10346 a factor of 736739803?
False
Is 153959700 a multiple of 1263?
True
Does 2740 divide 2164936452?
False
Is 397674881 a multiple of 4990?
False
Is 43 a factor of 411794359?
True
Does 15845 divide 6435174714?
False
Is 50067848 a multiple of 327?
False
Does 1680 divide 65956215?
False
Does 344 divide 713211072?
True
Does 783 divide 10846899?
True
Is 30 a factor of 435077130?
True
Is 17793464 a multiple of 52?
True
Does 240 divide 168075961?
False
Is 327 a factor of 337175586?
True
Is 111 a factor of 169504104?
True
Is 22 a factor of 43420806?
True
Is 13500690 a multiple of 35?
True
Is 210630356 a multiple of 199?
True
Does 1115 divide 666154844?
False
Is 3008781746 a multiple of 15?
False
Is 4737707696 a multiple of 25?
False
Is 36 a factor of 1058964264?
True
Is 7 a factor of 286300861?
True
Does 1040 divide 22810861?
False
Does 1065 divide 7639320?
False
Is 32553675 a multiple of 2475?
True
Does 607 divide 36547260?
False
Is 12900176 a multiple of 16?
True
Is 14847343 a multiple of 12?
False
Is 344 a factor of 18012872?
True
Is 8123920 a multiple of 326?
True
Does 108 divide 728502865?
False
Is 267724392 a multiple of 886?
True
Is 3345756 a multiple of 42?
False
Is 27097020 a multiple of 87?
True
Does 3 divide 20543443?
False
Is 1371326764 a multiple of 2019?
False
Does 44 divide 3369209467?
False
Is 7 a factor of 338398542?
False
Is 36 a factor of 76807944?
True
Is 180231340 a multiple of 134?
True
Is 3931542023 a multiple of 616?
False
Does 10 divide 5156079?
False
Is 991 a factor of 1247801870?
False
Does 126 divide 130785542?
False
Is 412 a factor of 161450852?
True
Is 1254 a factor of 122206062?
True
Does 560 divide 65325120?
True
Is 41972820 a multiple of 670?
True
Is 138 a factor of 333986545?
False
Is 11 a factor of 480959446?
True
Does 158 divide 577457452?
True
Does 368 divide 22160224?
True
Does 11 divide 189609678?
False
Does 14 divide 25098556?
True
Does 8069 divide 958653683?
True
Is 392935416 a multiple of 3636?
False
Is 52185352 a multiple of 1021?
True
Is 24 a factor of 2141352?
True
Does 2 divide 47584152?
True
Does 1383 divide 1491767418?
True
Is 2606 a factor of 433185034?
False
Is 270053938 a multiple of 22?
True
Does 66 divide 11090112?
True
Does 11 divide 4326927?
True
Is 969 a factor of 28505073?
True
Is 7158 a factor of 4815044081?
False
Does 2 divide 136859260?
True
Is 72 a factor of 63225000?
True
Does 815 divide 41401404?
False
Does 7 divide 184384823?
True
Is 36155589 a multiple of 37?
False
Does 426 divide 1542290826?
True
Is 682054290 a multiple of 19?
False
Does 3102 divide 6624293234?
False
Is 9 a factor of 81675819?
True
Is 945177215 a multiple of 1093?
True
Does 15 divide 34568535?
True
Does 5 divide 9036655?
True
Is 6 a factor of 5548083?
False
Is 1249 a factor of 1917349332?
False
Does 27 divide 45077958?
True
Is 583907105 a multiple of 43?
True
Is 2756697456 a multiple of 24?
True
Is 742 a factor of 2655401913?
False
Does 10 divide 1217120820?
True
Is 140071050 a multiple of 2018?
False
Is 677 a factor of 603839517?
False
Does 8 divide 1039231552?
True
Is 121 a factor of 163401699?
False
Is 746 a factor of 11957393?
False
Does 12 divide 143102580?
True
Is 47747914 a multiple of 1402?
True
Is 71 a factor of 78968827?
True
Is 165 a factor of 95289181?
False
Is 94066479 a multiple of 86?
False
Is 32026857 a multiple of 8?
False
Is 307 a factor of 59882075?
False
Does 45 divide 13872572?
False
Is 7634 a factor of 686234894?
False
Is 22140683 a multiple of 8?
False
Is 74851980 a multiple of 1860?
True
Does 45 divide 59339025?
True
Is 57 a factor of 741250633?
False
Does 624 divide 158326272?
True
Is 2242134900 a multiple of 1030?
True
Is 209 a factor of 289831795?
True
Is 14052760 a multiple of 88?
False
Does 9 divide 104215231?
False
Does 1280 divide 1066369061?
False
Is 293755709 a multiple of 23?
False
Is 546581416 a multiple of 2160?
False
Is 10948184 a multiple of 398?
True
Is 21 a factor of 13502811?
True
Is 64821392 a multiple of 16?
True
Does 130 divide 373783986?
False
Is 68056805 a multiple of 73?
True
Does 16 divide 939975264?
True
Does 13 divide 15597002?
False
Does 5 divide 55262006?
False
Is 25713376 a multiple of 32?
True
Does 19 divide 1569871138?
False
Is 78136925 a multiple of 395?
True
Is 5841360 a multiple of 112?
True
Does 1370 divide 60848759?
False
Is 6366800 a multiple of 25?
True
Is 1013357904 a multiple of 116?
True
Is 464349182 a multiple of 5093?
True
Is 80531205 a multiple of 895?
True
Is 426 a factor of 1321795613?
False
Does 13 divide 39954940?
False
Is 2337888624 a multiple of 8?
True
Does 184 divide 7286400?
True
Is 2330548048 a multiple of 59?
False
Is 159 a factor of 152254584?
True
Is 639063 a multiple of 3?
True
Is 6 a factor of 12289782?
True
Is 30709697 a multiple of 74?
False
Does 923 divide 384868590?
False
Is 128 a factor of 78963328?
True
Is 43 a factor of 57889840?
False
Is 2546980490 a multiple of 60?
False
Does 214 divide 13601840?
True
Is 493252494 a multiple of 50?
False
Does 1657 divide 155772913?
True
Is 78409995 a multiple of 9?
False
Does 342 divide 16994133?
False
Is 696112865 a multiple of 428?
False
Does 1590 divide 49065810?
True
Is 789361881 a multiple of 48?
False
Is 68194345 a multiple of 112?
False
Does 2007 divide 191136645?
True
Is 388 a factor of 7963165?
False
Is 2960 a factor of 33697847?
False
Is 12686015 a multiple of 19?
True
Is 462676393 a multiple of 1186?
False
Does 223 divide 17319101?
False
Is 45 a factor of 9234450?
True
Is 41759149 a multiple of 8?
False
Is 22681772 a multiple of 46?
True
Is 74836921 a multiple of 898?
False
Does 1355 divide 30830315?
True
Does 512 divide 1017454552?
False
Is 27 a factor of 1310695911?
True
Does 108 divide 112310156?
False
Is 13 a factor of 35198748?
True
Does 57 divide 68796321?
True
Is 6294352 a multiple of 177?
False
Is 2339280471 a multiple of 5533?
True
Is 21608884 a multiple of 44?
True
Is 77684914 a multiple of 41?
True
Is 2511723541 a multiple of 13?
False
Is 368 a factor of 10540796?
False
Is 81 a factor of 171036842?
False
Is 553370919 even?
False
Is 7898386 a multiple of 84?
False
Does 51 divide 69537249?
False
Does 73 divide 119763581?
True
Does 58 divide 215969193?
False
Does 5138 divide 320261127?
False
Is 3073 a factor of 1538234702?
False
Does 503 divide 3205753804?
True
Is 1201784642 a multiple of 30?
False
Is 11 a factor of 36571260?
True
Does 2534 divide 944117237?
False
Does 18 divide 358791444?
True
Is 135357306 a multiple of 16?
False
Is 26846516 a multiple of 757?
False
Is 7 a factor of 278855962?
True
Is 2346 a factor of 72977022?
True
Does 268 divide 16662096?
True
Is 26098770 a multiple of 4997?
False
Does 220 divide 175084360?
True
Is 20158906 a multiple of 289?
True
Does 21 divide 13480624?
False
Does 15 divide 189474722?
False
Is 3685620 a multiple of 2014?
True
Is 33855411 a multiple of 77?
False
Does 9 divide 1139476954?
False
Is 856179384 a multiple of 164?
True
Is 467 a factor of 288322998?
True
Is 218 a factor of 61478180?
True
Is 435308947 a multiple of 2375?
False
Does 51 divide 1819189?
False
Doe